**2 + 401*b - 1557. Determine q(4).
31
Let m(n) = -259*n + 64783. Calculate m(250).
33
Let x(z) = -z**3 + 216*z**2 + 436*z + 21. Determine x(218).
21
Let c(j) = -7889*j + 15783. Give c(2).
5
Let k(t) = 590*t + 9378. What is k(-15)?
528
Let d(v) = 3827*v + 345167. Give d(-90).
737
Let t(v) = v**3 - 40*v**2 + 124*v - 220. Calculate t(36).
-940
Let x(p) = -p**3 - 848*p**2 - 4253*p + 35. Determine x(-5).
225
Let q(y) = 2*y**2 + 3450*y + 47721. What is q(-14)?
-187
Let y(k) = 5*k**2 + 267*k + 2403. Calculate y(-12).
-81
Let n(m) = -m**2 - 2098*m + 163040. What is n(75)?
65
Let t(n) = -678*n + 1421. Give t(2).
65
Let n(r) = 971*r - 224. Determine n(1).
747
Let t(r) = 8*r**2 + 3858*r + 7698. What is t(-2)?
14
Let l(j) = 4580*j + 159550. Calculate l(-35).
-750
Let c(y) = -1500*y + 6958. Calculate c(5).
-542
Let y(j) = 12*j**2 + 348*j - 1652. Calculate y(5).
388
Let s(l) = -2*l**3 + 15*l**2 + 3019*l + 14469. Determine s(-5).
-1
Let b(k) = 29*k**2 + 4820*k + 1748. Give b(-166).
752
Let a(f) = -188*f**2 + 345*f - 1035. What is a(3)?
-1692
Let x(l) = -l**3 - 55*l**2 + 58*l - 4180. Give x(-59).
6322
Let p(a) = -65*a + 660. Determine p(-4).
920
Let d(c) = 1983*c + 10762. Determine d(-6).
-1136
Let n(a) = -a**3 - 25*a**2 - 62*a + 145. Calculate n(-21).
-317
Let d(a) = 243*a**2 + 202*a - 37. Give d(-1).
4
Let t(h) = -h**3 - 15*h**2 + 1571*h + 425. Calculate t(33).
-4
Let n(b) = -3*b**3 - 221*b**2 + 2797*b - 35. Give n(11).
-2
Let a(b) = -b**3 - 30*b**2 + 658*b - 2429. What is a(5)?
-14
Let k(b) = -b**3 + 23*b**2 - 146*b + 1846. Give k(21).
-338
Let r(p) = -p**3 + 21*p**2 + 137*p + 1603. Determine r(28).
-49
Let a(p) = 8*p**3 + 6*p**2 - 13*p - 1. Give a(0).
-1
Let u(n) = 155*n**3 + 6*n**2 + 981*n + 2905. Give u(-3).
-4169
Let z(m) = 8224*m + 148197. Give z(-18).
165
Let m(j) = -3*j**3 - 91*j**2 - 12756*j - 381801. Give m(-30).
-21
Let h(b) = 19*b**2 + 2624*b + 212. Calculate h(-138).
-64
Let z(f) = -f**3 + 57*f**2 - 763*f + 139. What is z(24)?
835
Let b(k) = 881*k - 13147. Calculate b(15).
68
Let j(r) = -20*r**2 - 7515*r - 5872. What is j(-375)?
-247
Let k(y) = -68*y**2 - 71166*y + 71167. Give k(1).
-67
Let u(d) = -530*d**2 + 339*d - 340. Determine u(1).
-531
Let t(a) = -a**3 - 57*a**2 + 82*a + 1299. What is t(-58)?
-93
Let x(z) = -z**3 + 1126*z**2 + 47879*z - 37338. Calculate x(1167).
6
Let l(h) = 163*h - 36150. What is l(223)?
199
Let k(q) = 2922*q + 1869. Determine k(-1).
-1053
Let h(k) = 8*k**2 + 5560*k - 247624. Calculate h(-737).
8
Let a(q) = 10*q**3 - 160*q**2 - 34*q + 24. Give a(16).
-520
Let b(u) = -348*u**2 + 2122*u - 15. Calculate b(6).
189
Let o(k) = -k**3 - 21*k**2 + 158*k - 108. Give o(-27).
0
Let t(c) = 669*c - 149863. What is t(224)?
-7
Let l(j) = 87*j**2 - 34*j + 68. Determine l(6).
2996
Let o(s) = 10579*s + 888641. What is o(-84)?
5
Let y(o) = -20512193*o + 20512196. What is y(1)?
3
Let m(v) = -474*v - 35939. Give m(-76).
85
Let o(p) = 14*p**2 - 687*p + 8342. Give o(27).
-1
Let x(w) = -9*w**2 + 843*w - 7963. Calculate x(83).
5
Let t(o) = -4*o**2 + 1835*o - 13965. What is t(451)?
16
Let q(m) = -3*m**2 - 383*m - 3369. Give q(-9).
-165
Let n(v) = 33*v - 1547. Determine n(0).
-1547
Let b(h) = -3*h**3 + 568*h**2 - 195*h + 1060. Calculate b(189).
-74
Let b(d) = 2*d**2 + 421771*d - 2952496. Determine b(7).
-1
Let h(g) = -g**2 + 718*g - 109408. Calculate h(217).
-691
Let k(y) = 218*y**3 - 13*y**2 - 7*y + 18. Give k(2).
1696
Let y(u) = -326*u + 31303. Give y(97).
-319
Let u(i) = i**2 + 462745*i - 2776508. Calculate u(6).
-2
Let r(x) = x**2 - 816*x + 165700. Calculate r(380).
20
Let s(b) = -2*b**3 + 106*b**2 - 985*b + 37. Calculate s(41).
-4
Let v(x) = -3201*x + 182462. Calculate v(57).
5
Let k(l) = 91799*l + 2111371. Calculate k(-23).
-6
Let i(f) = -670*f**2 + 7359*f + 24. Calculate i(11).
-97
Let v(y) = -4*y**2 - 1714*y - 75080. Determine v(-379).
-38
Let t(p) = 4*p**2 - 3842*p - 23125. What is t(-6)?
71
Let q(f) = 38*f**3 - 140*f**2 - 40*f + 23. What is q(3)?
-331
Let j(c) = 3531*c**2 - 95337*c + 15. What is j(27)?
15
Let d(o) = -13*o**2 - 149*o + 2858. Give d(-22).
-156
Let o(c) = c**3 - 16*c**2 + 820*c + 6618. What is o(-7)?
-249
Let p(n) = -2*n**3 - 798*n**2 - 33692*n + 1412. Calculate p(-351).
8
Let f(d) = -814*d**2 - 39058*d + 678. Determine f(-48).
6
Let a(l) = -13*l**2 - 501*l + 54004. Calculate a(48).
4
Let m(z) = 21*z**2 + 2672*z + 638. Determine m(-127).
3
Let m(h) = -4*h**3 + 998*h**2 + 488*h + 3004. Calculate m(250).
4
Let j(f) = -8*f**3 - 131*f**2 - 98*f - 3104. Calculate j(-17).
7
Let t(r) = 164*r - 13986. Give t(77).
-1358
Let h(n) = 2693*n + 511674. What is h(-190)?
4
Let g(x) = -3723*x + 55847. Calculate g(15).
2
Let t(v) = -7030*v + 140555. Determine t(20).
-45
Let f(k) = -k**3 + 73*k**2 - 263*k - 192. What is f(69)?
705
Let r(c) = 14272*c - 85581. Determine r(6).
51
Let l(t) = -t**3 - 123*t**2 + 282*t + 34692. What is l(-123)?
6
Let w(f) = -5543*f + 17099. Calculate w(3).
470
Let v(d) = -4*d**3 + 28*d**2 + 5*d - 30. Determine v(8).
-246
Let t(c) = 2390*c + 11733. Give t(-5).
-217
Let t(i) = -9*i**2 - 566*i - 3592. Determine t(-56).
-120
Let o(k) = 59964*k + 60051. Give o(-1).
87
Let i(v) = 32*v**2 + 485*v + 929. Give i(-13).
32
Let u(g) = -g**3 - 957*g**2 - 16028*g - 822. What is u(-17)?
-6
Let j(o) = -1992*o**2 - 29886*o - 102. Determine j(-15).
-12
Let i(l) = 6*l**3 + 138*l**2 - 2226*l - 24. Determine i(11).
174
Let i(p) = -12*p - 438. Calculate i(16).
-630
Let k(q) = q**2 + 603*q + 83825. What is k(-386)?
63
Let d(a) = a**3 + 248*a**2 + 3921*a - 125. What is d(-17)?
-23
Let g(x) = -3*x**3 - 34*x**2 - 65*x + 38. Determine g(-3).
8
Let w(o) = -108*o - 566. What is w(-5)?
-26
Let q(b) = -688*b - 187548. Give q(-273).
276
Let l(c) = 50*c**3 + 7*c**2 + 55*c - 166. Determine l(3).
1412
Let c(w) = -w**2 - 161*w - 2192. Give c(-15).
-2
Let r(o) = 2*o**3 - 520*o**2 + 282*o - 73312. Calculate r(260).
8
Let j(v) = v**2 + 1578*v + 173634. Determine j(-119).
13
Let f(j) = 40*j**3 - 15*j + 33. What is f(3)?
1068
Let g(r) = -r**3 - 87*r**2 + 73*r + 7146. Calculate g(-87).
795
Let y(s) = -s**3 + 21*s**2 + 174*s - 2582. Calculate y(24).
-134
Let h(a) = 2*a**3 - 237*a**2 - 2591*a - 19. What is h(-10)?
191
Let y(m) = -2*m**2 + 934*m - 2768. Give y(464).
16
Let c(j) = 36077*j - 35384. Calculate c(1).
693
Let s(x) = 417*x + 20014. Give s(-48).
-2
Let r(w) = -778*w - 12493. What is r(-16)?
-45
Let x(k) = 78*k - 7000. Determine x(92).
176
Let z(c) = -18*c**2 - 90*c + 1886. Calculate z(-13).
14
Let s(q) = 14*q**2 - 876*q - 381. Determine s(63).
-3
Let v(z) = 9*z**3 - 1097*z**2 + 97*z - 26706. Give v(122).
12
Let n(h) = 13*h**3 + 1196*h**2 - 13*h - 1126. What is n(-92)?
70
Let i(n) = -47556*n - 237785. Give i(-5).
-5
Let q(t) = -1660*t - 5862. Give q(-4).
778
Let d(l) = -15*l**3 + 86*l**2 - 408*l - 31. Determine d(5).
-1796
Let u(r) = 65*r**2 + 1495*r + 5. What is u(-23)?
5
Let w(j) = -17*j**2 - 4838*j + 11769. Determine w(-287).
2
Let g(o) = -o**2 + 110*o - 527. Determine g(94).
977
Let u(g) = 266*g**2 - 1854*g - 110. What is u(7)?
-54
Let c(n) = -n**2 + 10369*n + 825385. Give c(-79).
-7
Let l(a) = 23*a**2 + 3025*a - 4071. What is l(-132)?
-2619
Let v(t) = 11*t**2 - 77*t - 125. Give v(9).
73
Let u(i) = -3430*i + 1941388. Calculate u(566).
8
Let h(g) = 8*g**3 + 30*g**2 - 25*g - 197. Calculate h(3).
214
Let i(x) = -11*x**2 - 215*x - 631. Calculate i(-3).
-85
Let n(k) = 34*k**2 - 2448*k - 74281. Determine n(95).
9
Let v(u) = -7*u**3 + 171*u**2 - 93*u + 460. Determine v(24).
-44
Let u(d) = -5*d**3 - 6*d**2 + 53*d + 203. What is u(-5)?
413
Let z(p) = -p**3 + 32*p**2 + 48*p - 2618. Give z(28).
1862
Let m(n) = 228*n**2 - 8199*n - 61. Determine m(36).
263
Let g(s) = -6*s**3 + 28*s**2 - 29*s + 154. Give g(5).
-41
Let w(c) = 46014*c - 1334402. Calculate w(29).
4
Let m(b) = -b**3 - 15*b**2 - 60*b - 743. What is m(-15)?
157
Let n(t) = -223068*t + 223044. Calculate n(1).
-24
Let z(n) = -n**2 - 168*n + 3679. What is z(19)?
126
Let q(y) = -1092*y + 307981. Give q(282).
37
Let p(f) = 2*f**3 + 3*f**2 + 467*f + 3198. Determine p(-7).
-610
Let x(r) = 10*r**3 + 9*r**2 + 234*r - 244. Determine x(1).
9
Let s(z) = 4*z**3 + 55*z**2 - 3589*z - 14981. Give s(-4).
-1
Let q(t) = 4*t**2 + 80427*t - 1126755. Give q(14).
7
Let l(d) = -4*d**2 + 2153*d + 8116. What is l(542)?
-1